ainder when (4/(-6))/((-32)/624) is divided by m.
6
Let v(a) = -3*a**3 + a**2 + a - 7. Let d be v(-3). Suppose -d - 160 = -6*u. What is the remainder when u is divided by 14?
12
Suppose -12*z = -132 + 36. What is the remainder when 108 is divided by z?
4
Suppose 2*l = -33 + 93. Suppose 3*n - n = 116. What is the remainder when n is divided by l?
28
Let x(k) = -47*k - 318. What is the remainder when x(-13) is divided by 37?
34
Suppose 0 = -3*z + 24 + 201. Calculate the remainder when 8 is divided by (-2)/(-5) + 195/z.
2
Let b be (-240)/(4/(-1) - -7 - 4). Suppose b = -11*y + 823. What is the remainder when y is divided by 18?
17
Calculate the remainder when 58 is divided by 210/(-175) - (-243)/15.
13
What is the remainder when (132/110)/(6/170) is divided by 24?
10
Calculate the remainder when 520 is divided by -3 - (7216/(-410) - 2/5).
10
Let o(r) = -7*r - 10. Let t be o(5). Let a = t + 73. Calculate the remainder when a is divided by 16.
12
Let l(y) = 33*y**3 - 5*y**2 + 16*y - 11. Calculate the remainder when l(2) is divided by 28.
13
Suppose -5*a = 4*j - 1828 - 2528, -4356 = -4*j + 5*a. Calculate the remainder when j is divided by 10.
9
Calculate the remainder when (-510)/(-4) - (-21)/42 is divided by 44.
40
What is the remainder when -1 + 7 + 45 + 12/3 is divided by 15?
10
Let c(t) = t**3 - 23*t**2 + 43*t - 4. What is the remainder when 131 is divided by c(21)?
12
Let m(v) = v**3 + 7*v**2 - 9*v + 10. Let o = 21 + 7. Let q be ((-8)/(-16))/((-2)/o). What is the remainder when m(q) is divided by 25?
23
Suppose 3*d - 68 = -14. Let t(j) = -2*j - 4. Let s be t(-5). Suppose 4*g = s*g - 20. What is the remainder when d is divided by g?
8
Suppose 2*s + 228 = 5*s. Let b = 776 + -542. Suppose 13*z - 4*z - b = 0. Calculate the remainder when s is divided by z.
24
Suppose 2*p = 5*s - 50, 38*s - 19 = 36*s + p. Calculate the remainder when 522 is divided by s.
6
Let d = -67 - -167. Suppose -10*s = -5*s - d. What is the remainder when 27 is divided by (-114)/(-8) + 15/s?
12
Let l = -223 - -326. What is the remainder when l is divided by 93?
10
Let p(u) = u**2 - 32*u + 301. What is the remainder when 66 is divided by p(16)?
21
What is the remainder when 4/10 + (-5)/(75/(-2364)) is divided by 40?
38
Let s(w) = -w**3 + w**2 + 4*w + 1. Let m be 2/11 + (-390)/(-33). Suppose -2*d + m + 6 = 0. Calculate the remainder when s(-3) is divided by d.
7
Suppose 35*m - 434 = 336. Calculate the remainder when 61 is divided by m.
17
Let v = -150 - -171. Calculate the remainder when v is divided by 5.
1
Let k = 125 - 54. Let f = k - 38. What is the remainder when f is divided by 12?
9
Let u(o) = o**2 - 12*o + 13. Let r be (-4)/(-5) + (-122)/(-10). What is the remainder when u(r) is divided by 9?
8
Let g = 97 + -54. Let a(x) = 38*x + 1802. Calculate the remainder when g is divided by a(-47).
11
Let o = -2664 + 2676. Let x = -5 + 13. Calculate the remainder when o is divided by x.
4
Let a(y) = -46 + 8*y + 9 + 22 + 6*y. What is the remainder when a(8) is divided by 18?
7
Let o = 307 + -281. What is the remainder when 39 is divided by o?
13
Let r be (1 + -2)/(9/(-1665)). Calculate the remainder when 61 is divided by r/11 - 6/(-33).
10
Let a be 11 + -3 - 12/4. Suppose -n + a*s + 101 = 0, 3*n - 418 = -2*n - 4*s. Calculate the remainder when n is divided by 11.
9
Let r = 15 - 16. What is the remainder when ((-1)/(3/57))/r is divided by 5?
4
Let y(h) = h**2 + 8*h + 9. Let b be y(-6). Let u be 1/2 + 39/6. Let m = b + u. What is the remainder when 5 is divided by m?
1
Let n(y) = y + 5. Let k be n(-5). Let b(c) = -4 + 0 + 4*c + 3 + k*c. What is the remainder when 42 is divided by b(4)?
12
Let u = 52 - 36. Let v(x) = -x + 5. Let s be v(5). Suppose -3*h = s, -3*w = 5*h - 12 - 15. What is the remainder when u is divided by w?
7
Let w = 38 + -29. Let m = -29 - -15. Let t = m - -30. What is the remainder when t is divided by w?
7
Let k(l) = 44*l**2 - 4*l - 2. Let z be k(5). Suppose 7*d = -0*d + z. What is the remainder when d is divided by 39?
37
Suppose 389 = 21*r + 116. Calculate the remainder when 438 is divided by r.
9
Suppose m - 11 = -3*v, v + 3*m - 7 = 6*m. Suppose -5*d = 5*t - 190, -t - 2*t + v*d = -142. Calculate the remainder when t is divided by 11.
9
Calculate the remainder when 258 is divided by (-452)/(-8) + (-3)/(-6)*-1.
34
Let w(y) = y**3 - 14*y**2 + 12*y + 32. What is the remainder when w(13) is divided by 2?
1
Let o = -195 + 277. What is the remainder when o is divided by 17?
14
Suppose 0 = 5*v + z - 77, -5*v + 3*z = 33 - 102. What is the remainder when 143 is divided by v?
8
Suppose -11*j = -436 - 928. What is the remainder when 506 is divided by j?
10
Let q(z) = 28*z. Let v = 31 + -24. Let d be q(v). Suppose -7*j = -11*j + d. Calculate the remainder when j is divided by 26.
23
Let o = -148 + 61. Let r = o + 124. What is the remainder when r is divided by 10?
7
Let n(s) = -7*s - 5. Calculate the remainder when n(-2) is divided by 9.
0
What is the remainder when 134 is divided by 12*(0 - (-9)/12)?
8
Let k = -376 - -658. Suppose -k = 4*l - 310. What is the remainder when l is divided by 4?
3
Let k = -132 + 172. Suppose k = -t + 9*t. Suppose 4*a - 44 = 2*a + 2*i, -4*a - 3*i + 60 = 0. What is the remainder when a is divided by t?
3
Let c(k) = -4*k + 10. Let v be c(-10). Suppose -4*f = -9*f + v. What is the remainder when f is divided by 7?
3
Suppose n + 3*w - 2 = 0, 2*n + 2 = 3*w - 6*w. Suppose -2*v + 0 = -14. Calculate the remainder when n/12 + 152/6 is divided by v.
4
Let q(h) = 12*h**2 + h - 2*h + 0*h + 3*h. Let l(w) = 9*w + 2. What is the remainder when l(4) is divided by q(1)?
10
Suppose s = -4*g + 113, -4*g + 77 + 31 = -4*s. Calculate the remainder when g is divided by 17.
11
Suppose m = 2*m - 21. Suppose 3*c + 2*g = m + 28, 2*g = 10. Calculate the remainder when 49 is divided by c.
10
Suppose -68 = 9*k - 5*k. Let q = k - -22. Suppose 0 = 2*m - 3*l - 29, q*l - 2*l + 10 = m. What is the remainder when m is divided by 10?
9
Let a(y) = 7*y - 183. Calculate the remainder when a(40) is divided by 20.
17
Let f(j) = -j**2 - 7*j - 2. Let k = -45 + 42. Calculate the remainder when 2/5 - (-128)/5 is divided by f(k).
6
Let w(h) = -34*h + 491. What is the remainder when 42 is divided by w(14)?
12
Let y(x) = -2*x**3 - 4*x**2 - x + 2. Let q be y(-3). Suppose 0 = 5*a - q - 42. What is the remainder when 75 is divided by a?
10
What is the remainder when 434 is divided by 21 - ((-8)/14 - (-60)/(-42))?
20
Let g = 96 + 5. What is the remainder when g is divided by 51?
50
Let r(w) = 8*w**2 + 3*w - 4. Let u(l) = -9*l**3 + l + 2. Let s be u(-1). Suppose s*z - 115 = 35. Calculate the remainder when r(-3) is divided by z.
14
Let k = 645 + -339. Suppose 2*y - k = -g - 3*g, -5*g - 3*y = -384. Calculate the remainder when g is divided by 39.
36
Suppose 5*f = 4*x + x - 55, 3*f + 51 = 5*x. Let c(y) = 5*y**2 - 2. What is the remainder when c(3) is divided by x?
7
Let i = 23 + -34. Let j be (i/(-22))/((-1)/2). Calculate the remainder when 29 is divided by -4 + 1/(j/(-10)).
5
Let i(c) = 2*c + 8. Let r be i(-2). Suppose 0 = -4*g - 5*w + 249, 149 = r*g - 3*w - 60. What is the remainder when 111 is divided by g?
55
Let q(i) = i**3 - i**2 - i + 340. Let z be q(0). Suppose -38*x - 972 = 7008. Let c = z + x. What is the remainder when c is divided by 33?
31
Let h(v) = 14*v + 25. Let n be h(-4). Let b = 41 + n. Calculate the remainder when 119 is divided by b.
9
Suppose 3*a - 3*x - 603 = 0, -x + 701 = 3*a + 102. Calculate the remainder when a is divided by 62.
14
Suppose 5*i = i + 340. Suppose 17 = l - 3*n, -l + 14 - 9 = 3*n. What is the remainder when i is divided by l?
8
Suppose -2*z - 32 = -27*m + 23*m, 2*z - 13 = -m. Calculate the remainder when 103 is divided by m.
4
Suppose l = 5*l - 236. Suppose -4*q + 5*f - 308 = 0, f + 356 = -5*q - 0*f. What is the remainder when l is divided by q/(-45)*50/4?
19
Suppose 0 = -0*i + 3*i. Suppose 0 = 4*o - 4*a - 68, 2*a + 10 - 2 = i. Let q(n) = 12*n**2 + n + 4. Calculate the remainder when q(-2) is divided by o.
11
Let y(x) = 2 + x**3 - 2*x + 8*x + 9*x**2 - 2*x**2. Calculate the remainder when 4 is divided by y(-6).
0
Let c(h) = -h + 1 + 0*h + h**2 + 3*h. Let y be c(-3). Suppose -u - y*u + 55 = 0. Calculate the remainder when 42 is divided by u.
9
Calculate the re